{"id":41,"date":"2023-03-29T00:10:51","date_gmt":"2023-03-29T00:10:51","guid":{"rendered":"https:\/\/gbit.com.mx\/?page_id=41"},"modified":"2023-03-29T00:26:07","modified_gmt":"2023-03-29T00:26:07","slug":"servicios","status":"publish","type":"page","link":"https:\/\/gbit.com.mx\/index.php\/servicios\/","title":{"rendered":"Servicios"},"content":{"rendered":"<h2>Conoce nuestros Servicios<\/h2>\n<blockquote>\n<h4>Hardware<\/h4>\n<ul>\n<li style=\"list-style-type: none\">\n<ul>\n<li>Servidores<\/li>\n<li>Equipo de c\u00f3mputo<\/li>\n<li>Impresi\u00f3n 3D<\/li>\n<li>Almacenamiento\u00a0f\u00edsico<\/li>\n<li>Cableado Estructurado<\/li>\n<li>Aire de precisi\u00f3n<\/li>\n<\/ul>\n<\/li>\n<\/ul>\n<\/blockquote>\n<blockquote>\n<h4>Software<\/h4>\n<ul>\n<li style=\"list-style-type: none\">\n<ul>\n<li>Herramientas de diagn\u00f3stico<\/li>\n<li>Herramientas de correcci\u00f3n y optimizaci\u00f3n<\/li>\n<li>Virtualizaci\u00f3n<\/li>\n<li>Nube p\u00fablica y privada<\/li>\n<\/ul>\n<\/li>\n<\/ul>\n<\/blockquote>\n<blockquote>\n<h4>Seguridad<\/h4>\n<ul>\n<li style=\"list-style-type: none\">\n<ul>\n<li>Seguridad F\u00edsica<\/li>\n<li>C\u00e1maras de vigilancia<\/li>\n<li>Controles de acceso <\/li>\n<li>Seguridad perimetral<\/li>\n<\/ul>\n<\/li>\n<\/ul>\n<\/blockquote>\n","protected":false},"excerpt":{"rendered":"<p>Conoce nuestros Servicios Hardware Servidores Equipo de c\u00f3mputo Impresi\u00f3n 3D Almacenamiento\u00a0f\u00edsico Cableado Estructurado Aire de precisi\u00f3n Software Herramientas de diagn\u00f3stico Herramientas de correcci\u00f3n y optimizaci\u00f3n Virtualizaci\u00f3n Nube p\u00fablica y privada Seguridad Seguridad F\u00edsica C\u00e1maras de vigilancia Controles de acceso Seguridad perimetral<\/p>\n","protected":false},"author":1,"featured_media":0,"parent":0,"menu_order":0,"comment_status":"closed","ping_status":"closed","template":"","meta":{"footnotes":""},"class_list":["post-41","page","type-page","status-publish","hentry"],"_links":{"self":[{"href":"https:\/\/gbit.com.mx\/index.php\/wp-json\/wp\/v2\/pages\/41","targetHints":{"allow":["GET"]}}],"collection":[{"href":"https:\/\/gbit.com.mx\/index.php\/wp-json\/wp\/v2\/pages"}],"about":[{"href":"https:\/\/gbit.com.mx\/index.php\/wp-json\/wp\/v2\/types\/page"}],"author":[{"embeddable":true,"href":"https:\/\/gbit.com.mx\/index.php\/wp-json\/wp\/v2\/users\/1"}],"replies":[{"embeddable":true,"href":"https:\/\/gbit.com.mx\/index.php\/wp-json\/wp\/v2\/comments?post=41"}],"version-history":[{"count":9,"href":"https:\/\/gbit.com.mx\/index.php\/wp-json\/wp\/v2\/pages\/41\/revisions"}],"predecessor-version":[{"id":51,"href":"https:\/\/gbit.com.mx\/index.php\/wp-json\/wp\/v2\/pages\/41\/revisions\/51"}],"wp:attachment":[{"href":"https:\/\/gbit.com.mx\/index.php\/wp-json\/wp\/v2\/media?parent=41"}],"curies":[{"name":"wp","href":"https:\/\/api.w.org\/{rel}","templated":true}]}}